 9*o**2 + 4*o + 24. Let g be s(-15). Suppose -g = 7*f - 24*f. What are the prime factors of f?
3, 13
Suppose -6*j = -5*j - 442. Suppose 0 = 4*b - j - 130. List the prime factors of b.
11, 13
Suppose -3*d + 2096 = 4*n - 3429, d - 1841 = -n. List the prime factors of d.
3, 613
Let q = 70 + -60. Suppose -m - q = -15. List the prime factors of m.
5
Suppose -c + 21*x = 20*x - 126, 0 = 5*c + 4*x - 585. List the prime factors of c.
11
Let y(v) = 2*v**2 - 19*v + 6. Let z be y(9). What are the prime factors of 2/z + -579*10/(-45)?
2
Let h(i) = -4*i**3 + 2*i**2 + 2*i - 1. Suppose -v + 10 = -5*a + 3*v, 4*a + 2*v = -8. Let k be h(a). List the prime factors of 0 + k + -4 + 2.
3, 11
Suppose 0 = 2*k + 2*k. Suppose k = 5*a + 10 + 5. What are the prime factors of 3 + (1 - (a + 3))?
2
Let a = 473 + -186. Suppose 4*s - 908 = -5*c - a, 0 = -4*c - s + 488. What are the prime factors of c?
11
Let z be 1 + -4 + 6/2. Suppose 3*t + 5*a - 14 = 0, 2*t + t = 2*a + 7. Suppose 0*d + t*d - 60 = z. List the prime factors of d.
2, 5
Let t = 1542 - 1069. List the prime factors of t.
11, 43
Let o = -44 + 130. List the prime factors of o/8 - 6/(-24).
11
Let k(r) be the third derivative of -r**6/120 - r**5/3 + 2*r**4/3 + 7*r**3/2 + 9*r**2. What are the prime factors of k(-21)?
2, 3, 7
Suppose 3 = 3*w - 3. Let y(f) be the second derivative of f**5/4 - f**4/4 + f**3/3 - f**2 + 2*f - 32. List the prime factors of y(w).
2, 3, 5
Suppose -3*f + 9720 = -8*f. List the prime factors of (-12)/(-28) - (-1)/((-21)/f).
3, 31
Let y(f) = f**2 + 9*f + 10. Suppose 0 = 3*j + 5*c + 23, c - 6*c = -25. List the prime factors of y(j).
2, 61
Let a be (-4)/14 - 2085/(-21). Let m = -55 - -58. Suppose -m*d + a = -0. List the prime factors of d.
3, 11
Suppose 0 = -2*j + 8, -2*j + 28 = 2*t + 3*j. Suppose -t = -2*h - 3*z, 2*z = 3*h + 3*z - 6. Suppose h*c - 7 = c. List the prime factors of c.
7
Let u(k) = -k**3 + 6*k**2 + 2*k - 4. Let b be u(5). Suppose i - 4 - b = 0. What are the prime factors of i?
5, 7
Let t = -335 - -854. Let i = t + -309. Suppose -3*f + i = 2*f. What are the prime factors of f?
2, 3, 7
Suppose 0 = -9*u + 235 + 143. Suppose 3*y = -n + 263, 4*y + 4*n - 382 = -u. What are the prime factors of y?
89
Let p(z) = -z**2 + z. Let h(t) = -3*t**2 + 10*t - 1. Let q(d) = -h(d) + 4*p(d). What are the prime factors of q(-5)?
2, 3
Let i(f) = -4*f**2 - f + 1025. List the prime factors of i(0).
5, 41
Let q be 7/(7/(-4)) + 0. Let w = q - -1. What are the prime factors of (-2)/(2/15*w)?
5
Suppose -6*d + 3*d = 2*b - 8, 2*b - 8 = 0. What are the prime factors of (-4 - d)/(8/(-80))?
2, 5
Let y(c) = -4*c - 8. Let h be y(-6). Suppose -5*k = -2*d + 10, 0 = k + 4*d - 8 - 12. Suppose h = g - k*g. What are the prime factors of g?
2
Let r(a) = a**3 - 2*a**2 + 10*a - 2. Let h(i) = 3*i**2 + i + 1. Let o be h(1). List the prime factors of r(o).
3, 41
Let d(o) = -o**2 - 15*o - 11. Let w be d(-14). Let p(k) = 28 + 5*k**2 - k**2 - 31 + 5*k. List the prime factors of p(w).
2, 3
Let v(d) = -212*d - 55. What are the prime factors of v(-4)?
13, 61
Let q = 4141 - 1886. List the prime factors of q.
5, 11, 41
List the prime factors of -3 + -3 + (1149 - (-11 + 8)).
2, 3, 191
Let f(b) = 97*b**2 - 6*b + 5. Let u be f(1). What are the prime factors of u/30 + -3 + 258/10?
2, 13
List the prime factors of (618/(-18))/(2/(-22 + -2)).
2, 103
Suppose 2*s = s. Let l = 196 + -194. Suppose 0 = 3*q - 4*i - 95, s = -2*q - l*q - 3*i + 135. List the prime factors of q.
3, 11
Let g = 255 - 172. List the prime factors of g.
83
Let y(u) = -9*u - 22 - 10*u + 9*u - 11*u. What are the prime factors of y(-10)?
2, 47
Let r(q) = -2*q**2 - 6*q + 6. Let t be r(-5). Let y be (-12)/t*42/9. List the prime factors of 3 - (0/y + 1).
2
Let v be (2 - -10)*(2 - -10). Let d = v + -20. List the prime factors of d.
2, 31
Let b(m) = 2*m**2 - 38*m - 10. List the prime factors of b(-5).
2, 5, 23
Let p be (-8)/(57/(-19)*4/426). Let y = 436 - p. What are the prime factors of y?
2, 19
Let p be (-18*1)/(20/(-70)). Suppose -8*t + 607 = p. List the prime factors of t.
2, 17
Let j(n) = -59 - 4*n + 6*n + 50. Let k be j(7). Suppose p + 0*p + k*w = 1, 4*p = -w + 80. List the prime factors of p.
3, 7
Let d(n) = n**3 - 10*n**2 - 9*n + 25. Let h be d(10). Let v = h - -81. What are the prime factors of v?
2
Let s(z) = 5*z**3 - 4*z**2 - 6*z - 1. Let k be s(5). Let f = -344 + k. List the prime factors of f.
2, 3, 5
Suppose 0 = -h + 31*r - 35*r + 731, h = 3*r + 759. What are the prime factors of h?
3, 83
Suppose 3742 = j - 5*l, -3746 = -17*j + 16*j + 4*l. List the prime factors of j.
2, 3, 11, 19
Suppose 0*t = -2*t + 8. Suppose -t*m + 0*c + 170 = -c, -m - 2*c + 38 = 0. What are the prime factors of m?
2, 3, 7
Let f(z) = z**2 - 9*z + 12. Let g be f(8). Let v = 0 + g. Suppose v*k = 4*d + k - 18, -2 = d - 4*k. What are the prime factors of d?
2, 3
Let g be 2/(-8) + (-1)/(-4). Suppose g = 3*r - 6*r + 9. Suppose -99 - 12 = -r*j. List the prime factors of j.
37
Let x = -9 - -13. Suppose 0*g - x*p - 12 = -4*g, 4*g - 22 = -p. Suppose -a + 0 = -1, g*z - 157 = 3*a. What are the prime factors of z?
2
Suppose c = -l + 7, l + 1 = c + 2. Suppose 0*r = c*v + 4*r - 203, -4*v - r = -249. List the prime factors of v.
61
Let h = 2130 - -2342. What are the prime factors of h?
2, 13, 43
Suppose 2*u + 25 = -5*b, 5*u = 2*u + 2*b + 10. Suppose -11*x + 14*x - 219 = u. What are the prime factors of x?
73
Let a = 41 + -37. Suppose 4*y + v = a*v + 85, -2*v = -y + 25. What are the prime factors of y?
19
Let k(s) be the first derivative of -2*s**2 - 7*s + 27. Let g be (-4)/14 + (-384)/28. What are the prime factors of k(g)?
7
Let r(q) = -q**3 + 39*q**2 + q - 37. Let i be r(39). Let k = 1 + -1. Suppose k = 5*z - 5, i*o + 2*o + 2*z = 106. What are the prime factors of o?
2, 13
Let z(u) = u**3 - 2*u**2 + u + 3. Let s be z(2). What are the prime factors of (-187)/(-2) + (-7)/(-70)*s?
2, 47
Suppose 0 = 59*a - 50*a - 2556. List the prime factors of a.
2, 71
Suppose -4*u = -u - 30. Suppose -u*k + 17 = -9*k. What are the prime factors of k?
17
Suppose 0 = 57*s - 159263 + 233. What are the prime factors of s?
2, 3, 5, 31
Suppose -218 = -p + 5*w, -4*p + 0*w = 2*w - 784. Let k = p + -43. List the prime factors of k.
5, 31
Suppose 0 = 4*z - 20*z + 33776. List the prime factors of z.
2111
Suppose -13*p = -9*p + 276. Let s = -2 - p. List the prime factors of s.
67
Suppose -4*d + 41 = -r - 9*d, 3*d + 161 = -5*r. Let z be (-1)/3 - r/3. Suppose -3*y + z*a - 5*a = -36, -4*a + 63 = 3*y. List the prime factors of y.
17
Suppose 0 = 3*m - 2*k + 424, 2*m = m + 5*k - 150. Let g = 207 + m. What are the prime factors of g?
67
Let c(o) be the second derivative of o**4/6 + o**3 + 3*o**2/2 + 17*o. What are the prime factors of c(-7)?
59
Let p(s) = -297*s**2 + 5*s - 3. Let c be p(-3). Let l = c - -1327. List the prime factors of l/(-18) - 30/(-135).
2, 19
What are the prime factors of 298 - -4*2/4?
2, 3, 5
Let s = 30 - 17. Let l = s + 74. What are the prime factors of l?
3, 29
Suppose 5*i - 2*j = 782, 0 = 3*i - 4*j + 156 - 628. List the prime factors of 4 + i + 3 + -2.
7, 23
Let k(q) = -q**2 - 9*q + 10. Let c be -2 + 3 - (4 - -7). Let p be k(c). Suppose p*r + m = -3*r + 82, -5*m = -3*r + 94. What are the prime factors of r?
2, 7
Let v be 7/1 + (1 - 3). Suppose -r + v = -23. Suppose -5*x + 144 = 4*g, 2*g - r - 92 = -4*x. What are the prime factors of x?
2
Let q = -1898 + 3067. List the prime factors of q.
7, 167
Let h(o) = 7*o**2 - 3*o + 5. Let t(f) be the third derivative of f**5/60 + 3*f**4/8 + 5*f**3/3 - 6*f**2. Let n be t(-8). List the prime factors of h(n).
3
Let t = 227 + 2839. What are the prime factors of t?
2, 3, 7, 73
Suppose 6*p - 3*p = 12. Suppose p*a = 2*f + 94, 3*f = -5*a + f + 131. Suppose a = 3*q - 35. List the prime factors of q.
2, 5
Suppose 12 + 0 = k. Suppose k = 4*h, h = 2*u - 4*u + 11. List the prime factors of 1 + 2*36/u.
19
List the prime factors of ((-1464)/42)/(2/(-7)).
2, 61
Let p = 283 - 274. List the prime factors of p.
3
Let j(s) = 12*s**2 + 5*s + 20. List the prime factors of j(-3).
113
Suppose 48 = -4*t + 4*n, 8*n = -4*t + 4*n - 24. Let a = -23 + t. List the prime factors of 1*6*a/(-12).
2
Suppose 0 = -j - 5*t - 699 + 3064, -j = -5*t - 2335. List the prime factors of j.
2, 5, 47
Let s(g) = g**3 + 9*g**2 - 2. Su